 is the tens digit of 4249?
4
What is the thousands digit of 3993?
3
What is the thousands digit of 2292?
2
What is the units digit of 52042?
2
What is the ten thousands digit of 102253?
0
What is the units digit of 376?
6
What is the hundreds digit of 777?
7
What is the thousands digit of 11474?
1
What is the tens digit of 80422?
2
What is the hundreds digit of 1908?
9
What is the hundreds digit of 103954?
9
What is the thousands digit of 12357?
2
What is the units digit of 3245?
5
What is the thousands digit of 16411?
6
What is the hundreds digit of 582?
5
What is the hundreds digit of 17569?
5
What is the units digit of 77049?
9
What is the tens digit of 226?
2
What is the units digit of 3889?
9
What is the thousands digit of 99879?
9
What is the thousands digit of 9840?
9
What is the units digit of 12444?
4
What is the hundreds digit of 1448?
4
What is the units digit of 34013?
3
What is the tens digit of 3863?
6
What is the thousands digit of 3855?
3
What is the units digit of 95346?
6
What is the thousands digit of 29748?
9
What is the thousands digit of 3423?
3
What is the hundreds digit of 23340?
3
What is the units digit of 71851?
1
What is the tens digit of 460?
6
What is the ten thousands digit of 58521?
5
What is the ten thousands digit of 100939?
0
What is the thousands digit of 90882?
0
What is the ten thousands digit of 123111?
2
What is the units digit of 5373?
3
What is the units digit of 7118?
8
What is the thousands digit of 26159?
6
What is the hundreds digit of 3538?
5
What is the hundreds digit of 16746?
7
What is the hundreds digit of 14931?
9
What is the hundreds digit of 13835?
8
What is the hundreds digit of 3835?
8
What is the hundreds digit of 694?
6
What is the thousands digit of 1873?
1
What is the units digit of 3302?
2
What is the units digit of 40659?
9
What is the units digit of 3339?
9
What is the hundreds digit of 22765?
7
What is the thousands digit of 4994?
4
What is the units digit of 102613?
3
What is the tens digit of 272?
7
What is the tens digit of 693?
9
What is the tens digit of 981?
8
What is the tens digit of 249?
4
What is the units digit of 363?
3
What is the thousands digit of 1394?
1
What is the tens digit of 5797?
9
What is the units digit of 4976?
6
What is the ten thousands digit of 92590?
9
What is the ten thousands digit of 175024?
7
What is the tens digit of 735?
3
What is the hundreds digit of 40269?
2
What is the units digit of 135232?
2
What is the hundreds digit of 1963?
9
What is the units digit of 31531?
1
What is the units digit of 1027?
7
What is the tens digit of 11086?
8
What is the hundreds digit of 31958?
9
What is the units digit of 18727?
7
What is the thousands digit of 2513?
2
What is the hundreds digit of 83936?
9
What is the tens digit of 505?
0
What is the hundreds digit of 63462?
4
What is the ten thousands digit of 30963?
3
What is the thousands digit of 7224?
7
What is the units digit of 2351?
1
What is the thousands digit of 3584?
3
What is the hundreds digit of 14236?
2
What is the units digit of 777?
7
What is the units digit of 2403?
3
What is the ten thousands digit of 46372?
4
What is the hundreds digit of 6095?
0
What is the units digit of 8097?
7
What is the tens digit of 1855?
5
What is the thousands digit of 2000?
2
What is the hundreds digit of 18916?
9
What is the units digit of 4149?
9
What is the hundreds digit of 62075?
0
What is the tens digit of 3910?
1
What is the hundreds digit of 73743?
7
What is the thousands digit of 27683?
7
What is the tens digit of 1943?
4
What is the hundreds digit of 917?
9
What is the ten thousands digit of 43808?
4
What is the units digit of 16272?
2
What is the thousands digit of 3745?
3
What is the hundreds digit of 34611?
6
What is the hundreds digit of 446?
4
What is the units digit of 8355?
5
What is the hundreds digit of 1151?
1
What is the tens digit of 14486?
8
What is the tens digit of 59425?
2
What is the thousands digit of 131653?
1
What is the thousands digit of 14482?
4
What is the hundreds digit of 4463?
4
What is the tens digit of 6165?
6
What is the units digit of 3031?
1
What is the ten thousands digit of 40870?
4
What is the thousands digit of 25410?
5
What is the hundreds digit of 5018?
0
What is the units digit of 49312?
2
What is the tens digit of 15136?
3
What is the tens digit of 1246?
4
What is the hundreds digit of 11549?
5
What is the thousands digit of 57241?
7
What is the units digit of 127372?
2
What is the ten thousands digit of 17518?
1
What is the tens digit of 1632?
3
What is the tens digit of 703?
0
What is the hundreds digit of 1263?
2
What is the tens digit of 193?
9
What is the thousands digit of 5775?
5
What is the hundreds digit of 24813?
8
What is the tens digit of 16781?
8
What is the tens digit of 39396?
9
What is the thousands digit of 4158?
4
What is the hundred thousands digit of 122891?
1
What is the tens digit of 739?
3
What is the tens digit of 2559?
5
What is the thousands digit of 6344?
6
What is the thousands digit of 77895?
7
What is the tens digit of 828?
2
What is the ten thousands digit of 34271?
3
What is the hundreds digit of 352?
3
What is the tens digit of 69261?
6
What is the units digit of 17021?
1
What is the units digit of 11?
1
What is the thousands digit of 2676?
2
What is the tens digit of 8480?
8
What is the tens digit of 3567?
6
What is the units digit of 2282?
2
What is the thousands digit of 9100?
9
What is the thousands digit of 3916?
3
What is the units digit of 6242?
2
What is the hundreds digit of 11881?
8
What is the hundreds digit of 9870?
8
What is the units digit of 8747?
7
What is the ten thousands digit of 51115?
5
What is the units digit of 66?
6
What is the units digit of 438?
8
What is the ten thousands digit of 12236?
1
What is the units digit of 47457?
7
What is the hundreds digit of 14632?
6
What is the tens digit of 233?
3
What is the thousands digit of 9396?
9
What is the hundreds digit of 2831?
8
What is the tens digit of 3504?
0
What is the thousands digit of 6965?
6
What is the tens digit of 881?
8
What is the ten thousands digit of 17587?
1
What is the tens digit of 14360?
6
What is the ten thousands digit of 10486?
1
What is the hundreds digit of 74028?
0
What is the hundreds digit of 3256?
2
What is the hundreds digit of 34680?
6
What is the units digit of 2079?
9
What is the tens digit of 965?
6
What is the hundreds digit of 839?
8
What is the tens digit of 1691?
9
What is the hundreds digit of 2240?
2
What is the thousands digit of 1362?
1
What is the tens digit of 3693?
9
What is the thousands digit of 4846?
4
What is the tens digit of 9074?
7
What is the tens digit of 323?
2
What is the tens digit of 586?
8
What is the units digit of 8278?
8
What is the units digit of 41360?
0
What is the tens digit of 396?
9
What is the thousands digit of 8509?
8
What is the tens digit of 59873?
7
What is the thousands digit of 4858?
4
What is the tens digit of 23126?
2
What is the units digit of 17931?
1
What is the units digit of 1958?
8
What is the thousands digit of 61049?
1
What is the thousands digit of 20368?
0
What is the tens digit of 41384?
8
What is the tens digit of 1703?
0
What is the hundreds digit of 110995?
9
What is the ten thousands digit of 88523?
8
What is the thousands digit of 3075?
3
What is the hundreds digit of 627?
6
What is the ten thousands digit of 93090?
9
What is the hundreds digit of 3010?
0
What is the tens digit of 38699?
9
What is the tens digit of 20405?
0
What is the hundreds digit of 7742?
7
What is the units digit of 1097?
7
What is the thousands digit of 30978?
0
What is the thousands digit of 52944?
2
What is the units digit of 48783?
3
What is the thousands digit of 1054?
1
What is the hundreds digit of 8007?
0
What is the thousands digit of 20259?
0
What is the hundreds digit of 22505?
5
What is the thousands digit of 1580?
1
What is the hundreds digit of 242?
2
What is the tens digit of 42?
4
What is the units digit of 42252?
2
What is the tens digit of 2104?
0
What is the hundreds digit of 832?
8
What is the ten thousands digit of 47595?
4
What is the hundreds digit of 4271?
2
What is the tens digit of 982?
8
What is the units digit of 615?
5
What is the thousands digit of 82913?
2
What is t